 = 2*d - a. Suppose 5*i + 3*q - 192 = 12, 0 = -3*i + 4*q + 134. Calculate the highest common divisor of i and d.
42
Suppose 0*n + 6*n - 5867 = 5461. Calculate the greatest common divisor of n and 64.
32
Let d(a) = -7*a - 84. Let j be d(-11). Let p = j - -60. Calculate the highest common divisor of p and 583.
53
Suppose -464 = 138*x - 146*x. Calculate the highest common factor of x and 899.
29
Let i be 10/(-40)*18*124/(-2). Suppose -12*h = -7473 - i. What is the greatest common factor of h and 34?
34
Suppose 8*x = 2*x + 4440. Suppose x + 1480 = 4*l. What is the highest common divisor of 111 and l?
111
Suppose 3*m + 95 = -100. Let r = m - -168. Let y = r - 61. Calculate the greatest common divisor of 28 and y.
14
Let b(k) = 9 + 0*k**2 - k**2 - 2 + 4*k. Let o be ((-5)/(-6))/((-23)/(-138)). Let p be b(o). What is the greatest common factor of 8 and p?
2
Let s(r) = r**2 + 44*r + 130. Let d be s(-41). Calculate the highest common divisor of d and 469.
7
Let v = 4 - -148. Let w = v + -98. Let g(b) = -2*b**2 + 3*b + 86. Let r be g(7). What is the greatest common divisor of w and r?
9
Let f be 4 + -6*(-9)/(-54). Suppose 5*x - 5 = -p, -4*x + 0*x - 5*p + 4 = 0. Let i = f + x. What is the greatest common factor of 4 and i?
4
Let c = -74 - -83. Suppose 4*v + 4 = 2*v. Let h be v + 380/c + 4/(-18). What is the highest common divisor of h and 5?
5
Let h = -853 - -857. Suppose -2*f = 2*c - 28, -c = h*f - 55 - 13. Let z be -1 - (-3)/(3/199). Calculate the highest common divisor of f and z.
18
Let b be (-22 - (-16269)/(-11))*(-9)/1. Calculate the highest common factor of b and 171.
171
Suppose -2*q = -24 + 32. Let d be 1/(2 - (-7)/q). Suppose d*a - 29 = -b - 0*b, -3*b - 3*a + 123 = 0. Calculate the highest common divisor of 315 and b.
45
Suppose -4*k + n - 3*n = -268, 0 = -3*k - 3*n + 195. Suppose 7*s - k = 22. Suppose s*a - 396 = 2*a. Calculate the highest common divisor of 18 and a.
18
Let p be (-119)/(-1) + -7 + 1 + 2. Let i = p - 40. What is the greatest common divisor of i and 100?
25
Suppose 12*d + s - 26 = 8*d, -4*d = 5*s - 18. Calculate the greatest common divisor of 4319 and d.
7
Let t = 19 - 16. Suppose 0 = n - 5, 2*d - 2*n - t*n = 45. Calculate the greatest common divisor of 21 and d.
7
Suppose -12*n + 8*n = -16, 2*a - 3*n = -1922. Let b = 1043 + a. What is the highest common factor of b and 220?
44
Let y(v) = v**3 - 6*v**2 - 4*v + 7. Let u be y(7). Let i be 6*2/(-3) + 0. Let q be ((-675)/(-10))/9 - 2/i. What is the highest common divisor of q and u?
4
Let q(t) = -2*t**3 - 2*t**2 - 2*t - 7. Let x be q(-2). Suppose x*m - 38 + 8 = -5*j, 0 = 5*j - 3*m - 22. What is the highest common factor of j and 95?
5
Let j = -9476 - -9597. Calculate the highest common divisor of 649 and j.
11
Let j(o) = -o**3 + 15*o**2 - 13*o + 1. Let h be j(14). Suppose -14*m + 271 = -h*m. Let t = m - -396. Calculate the highest common divisor of 5 and t.
5
Let k be ((-32)/(-5))/(-1)*((-90)/(-20) + -7). What is the highest common divisor of 2864 and k?
16
Suppose 0 = 15*y - 29 - 31. Suppose 3*n - 5*n - 30 = -4*g, -2 = -2*n. What is the highest common factor of y and g?
4
Let d be (-12168)/(-28) - (-147)/343. Calculate the greatest common divisor of d and 24.
3
Suppose 4*l - 24603 = -5*w, w - 3203 = -6*l + 1676. What is the greatest common divisor of 52 and w?
13
Let z be (-174)/9*(-33)/22*(-3 + 6). Calculate the highest common divisor of 39 and z.
3
Suppose -6*w + 959 + 6601 = 18*w. Calculate the highest common divisor of w and 3255.
105
Suppose 0 = -2*w - 6, s + 4*w - 5*w - 8 = 0. Suppose -7*x + 6*x = -3*v - 763, -4*x = -s*v - 3045. Calculate the highest common divisor of x and 38.
38
Let p = 39 - 35. Suppose -s = -2*m - 18, 2*m = -p*s - 2*m + 120. Suppose 6*g = s + 10. Calculate the greatest common divisor of g and 6.
6
Suppose 0 = -o + 5*o - 3*x + 32, -x = 5*o + 21. Let a be (-1096)/o + (-76)/(-95). Calculate the greatest common divisor of a and 44.
44
Let q(c) be the first derivative of -c**3/3 + 7*c**2 + 19*c + 322. Let w be q(0). What is the greatest common factor of 4 and w?
1
Let t be (-24396)/(-21) - (2/42)/((-1)/6). What is the highest common divisor of t and 3320?
166
Suppose 4*q - 15 = t, 24 = 3*q + 230*t - 235*t. Let w(l) = 2*l - 3. Let u be w(5). Suppose -16 + u = -q*k. What is the greatest common divisor of k and 15?
3
Suppose 0 = 13*r + 2163 - 5530. Let g(m) = m**3 - 2*m**2 + m - 2. Let f be g(6). Calculate the highest common factor of r and f.
37
Let o = -921 + 258. Let l = o + 684. What is the highest common factor of l and 1?
1
Suppose -376*t + 11361 = -368*t + 889. What is the highest common divisor of t and 595?
119
Let p(i) = -83*i - 3303. Let b be p(-43). Calculate the greatest common factor of 3059 and b.
133
Let o(w) be the first derivative of -w**4/4 + 11*w**3/3 + 6*w**2 + 22*w + 111. Let u be o(12). What is the highest common factor of 77 and u?
11
Let b be 2 + -1 + 1 - -20. Suppose k + 56 = 3*y, -4*y + 3*k + 76 = -2. Suppose -l + y*l - 3366 = 0. Calculate the highest common divisor of l and b.
22
Let w(x) = 6*x + 27. Let q be w(4). Suppose -v = 2*h - q, -v + 2 = 1. What is the greatest common divisor of h and 10?
5
Suppose -2*x = 6*j - j - 868, -15*j = -19*j. What is the highest common factor of x and 56?
14
Let b(s) = 18*s**3 + 36*s**2 - 132*s + 15. Let d be b(6). What is the greatest common factor of 195 and d?
39
Let n(c) = 7*c + 15. Suppose 6 = -2*x + 4. Let p be n(x). Suppose 0*b - 160 = -5*b + 2*k, k - 64 = -2*b. Calculate the highest common divisor of p and b.
8
Let a = 21 - 17. Suppose -s + 3*d = -3*s + 21, a*d + 12 = 0. Let c(x) = 5*x**2 - 13*x + 15. Let t be c(5). What is the highest common factor of t and s?
15
Let i be (0 + (-132)/15*160/(-112))*7. Calculate the highest common divisor of i and 550.
22
Suppose -6*v + 2*v - 20 = -5*v. Let m = -29 + 57. Suppose m*q = 32*q - v. What is the greatest common factor of q and 20?
5
Let b(t) = -2*t - 13. Let m be b(-12). Let w be -193 + 4*15/(-10). Let g = w - -232. Calculate the greatest common divisor of g and m.
11
Let a be (23 + -3)*(-2)/(-4). Suppose 2*f - 43 - 28 = 29. What is the highest common divisor of a and f?
10
Let v(d) = d**2 - 5*d - 21. Let y be v(15). Suppose 0 = 6*c + 39 - y. What is the highest common divisor of c and 30?
15
Let t(f) be the first derivative of -6*f**2 + 155*f + 221. Let q be t(11). Calculate the highest common divisor of q and 345.
23
Let y(g) = -g**2. Let x(f) = -2*f**2 + 8*f - 146. Let z(a) = -x(a) + 3*y(a). Let w be z(-16). What is the greatest common factor of w and 78?
6
Let u be (-6)/(546/(-65)) + 1444/7. Suppose i - 14 = -5. What is the highest common divisor of i and u?
9
Let y = -244 + 341. Let t = y - 67. Calculate the highest common factor of 150 and t.
30
Let t be (-48235)/(-330) + -2 + 68/24. What is the greatest common divisor of t and 77?
7
Let o = -146 + 294. Let g(j) = -j**2 + 19*j - 6. Let a be g(17). Suppose 2*i - o + a = 0. What is the greatest common factor of i and 15?
15
Let r(b) = b**3 + 9*b**2 - 10*b + 3. Let q be r(-10). Let f = -1 + q. Suppose 176 = 2*s + f*s. What is the highest common divisor of s and 22?
22
Suppose -236*b - 120 = -239*b. Calculate the greatest common factor of b and 8820.
20
Suppose 596 = 11*t + 68. Suppose 5*f - 47 - t = 0. Calculate the highest common factor of 19 and f.
19
Suppose -4*z = -5*f - 673, -694 = -4*z + 21*f - 23*f. Suppose -2229 = -11*t - z. What is the highest common divisor of t and 11?
11
Suppose l = -18 + 629. Let s be ((-94)/6)/((-20)/60). What is the highest common divisor of l and s?
47
Let p = 9 - 1. Let k be (7 - 10) + 0 + 12/2. Suppose k*c = 3*w, 2*c - 4 = -13*w + 11*w. Calculate the highest common divisor of p and c.
1
Suppose 0 = -20*t + 371 + 229. Suppose 0 = -y - 4*y + 5*c + 1870, -3*y = -4*c - 1121. Calculate the greatest common divisor of t and y.
15
Let z(i) = -i - 3. Let m be z(-3). Suppose -3*v + 540 = -3*h, 4*v - 8*v + h + 720 = m. Calculate the greatest common factor of 20 and v.
20
Let a = -88 - -128. Suppose 4*q - 4 = -4*n, 4*n - n = 4*q + 17. Suppose -4*v + 37 = w, -n*v = -0*v + 2*w - 34. What is the highest common factor of v and a?
8
Let x(o) = -2*o**2 - 68*o - 62. Let t be x(-29). Let g be (-8)/(-2) + 48/(7 + -1). What is the highest common divisor of g and t?
12
Let r = 252 -